{"id":2486,"date":"2018-02-27T08:04:14","date_gmt":"2018-02-27T07:04:14","guid":{"rendered":"https:\/\/in2.info\/in2info\/?page_id=2486"},"modified":"2018-02-27T08:12:43","modified_gmt":"2018-02-27T07:12:43","slug":"agb","status":"publish","type":"page","link":"https:\/\/in2.info\/in2info\/agb\/","title":{"rendered":"AGB"},"content":{"rendered":"\t\t<div data-elementor-type=\"wp-post\" data-elementor-id=\"2486\" class=\"elementor elementor-2486 elementor-bc-flex-widget\">\n\t\t\t\t\t\t<section class=\"elementor-section elementor-top-section elementor-element elementor-element-06e73e7 elementor-section-boxed elementor-section-height-default elementor-section-height-default\" data-id=\"06e73e7\" data-element_type=\"section\" data-e-type=\"section\">\n\t\t\t\t\t\t<div class=\"elementor-container elementor-column-gap-default\">\n\t\t\t\t\t<div class=\"elementor-column elementor-col-100 elementor-top-column elementor-element elementor-element-b11c81a\" data-id=\"b11c81a\" data-element_type=\"column\" data-e-type=\"column\">\n\t\t\t<div class=\"elementor-widget-wrap elementor-element-populated\">\n\t\t\t\t\t\t<div class=\"elementor-element elementor-element-783e4c9 elementor-widget elementor-widget-text-editor\" data-id=\"783e4c9\" data-element_type=\"widget\" data-e-type=\"widget\" data-widget_type=\"text-editor.default\">\n\t\t\t\t<div class=\"elementor-widget-container\">\n\t\t\t\t\t\t\t\t\t<p><strong>Allgemeine Gesch\u00e4ftsbedingungen<\/strong><\/p><p>Folgende Allgemeine Gesch\u00e4ftsbedingungen sind Bestandteil aller Vertr\u00e4ge mit in2info &#8211; Richard Schneidermayer , Franz Fischerstr. 52, 6020 Innsbruck, \u00d6sterreich &#8211; nachfolgend in2info genannt. Abweichende Bedingungen unserer Vertragspartner bed\u00fcrfen der Schriftform und sind nur nach schriftlicher Anerkennung durch in2info g\u00fcltig.<\/p><p><strong>1. Zustandekommen des Nutzungsvertrages<\/strong><\/p><p>Ein Vertrag \u00fcber die Nutzung der Dienste von in2info kommt mit Gegenzeichnung eines Kundenantrags durch in2info zustande. Dieser Kundenantrag kann sowohl in schriftlicher Form als auch online \u00fcber Internet eingebracht werden. Bei Online Bestellungen gilt ein vollst\u00e4ndig und richtig ausgef\u00fclltes Formular als verbindliche Bestellung.<\/p><p><strong>2. Umfang der Leistung<\/strong><\/p><p>Diese Allgemeinen Gesch\u00e4ftsbedingungen gelten f\u00fcr alle Leistungen, die von in2info erbracht werden und sind auch Vetragsbestandteil zuk\u00fcnftiger Leistungen, unabh\u00e4ngig davon, ob ausdr\u00fccklich auf sie Bezug genommen wird. Der Umfang der Leistungen ergibt sich aus der Leistungsbeschreibung von in2info sowie aus den hierauf bezugnehmenden Angaben im Vertrag.<br \/>In2info bietet seinen Kunden Support an. Dieser wird per Telefon, E-Mail und online abgewickelt. in2info beh\u00e4lt sich das Recht vor, Leistungen zu erweitern, zu \u00e4ndern, Verbesserungen vorzunehmen sowie Leistungen zu verringern.<br \/>In2info beh\u00e4lt sich bei laufenden Dienstleistungen eine \u00c4nderung der Preise vor, wobei der Kunde zuvor informiert wird. Die Preis\u00e4nderung h\u00e4ngt von der allgemeinen Kostenentwicklung und der k\u00fcnftigen Preisentwicklung des Telekombereichs ab. Sollte ein Kunde mit einer Preis\u00e4nderung nicht einverstanden sein, so steht ihm das Recht zu, mit einer Frist von zwei Wochen, jeweils zum Ende eines Monats, das Vertragsverh\u00e4ltnis zu beenden.<br \/>Des weiteren beh\u00e4lt sich in2info Preis\u00e4nderungen vor, die sich aufgrund \u00fcberdurchschnittlich hoher Abfragen der Internetseiten ergeben (siehe FAQ).<\/p><p><strong>3. Zahlungsbedingungen<\/strong><\/p><p><strong>3.1<\/strong><\/p><p>Zahlungen sind, sofern nicht anders vereinbart, bei Rechnungserhalt und ohne Abzug f\u00e4llig. Im Falle von Zahlungsverzug gelten 10% Verzugszinsen als vereinbart. Bei Zahlungsverzug sind wir berechtigt, nach schriftlicher Verst\u00e4ndigung an den Vertragspartner, unsere Leistungen bis zur vollst\u00e4ndigen Bezahlung auszusetzen.<br \/>Gelieferte Ware bleibt bis zur vollst\u00e4ndigen Zahlung des Kaufpreises Eigentum von in2info.<\/p><p><strong>3.2<\/strong><br \/>in2info ist berechtigt, die Aktivierung einer Domain erst nach Zahlung der f\u00fcr die Registrierung vereinbarten Entgelte vorzunehmen.<\/p><p><br \/><strong>4. Dauer des Vertragsverh\u00e4ltnisses<\/strong><\/p><p>Die Vertragsdauer f\u00fcr Internetdienstleistungen betr\u00e4gt, wenn nichts anderes vereinbart wird, ein Jahr. Sie verl\u00e4ngert sich jeweils automatisch um ein weiteres Jahr, wenn der Auftraggeber nicht sp\u00e4testens ein Monat vor Ablauf des Vertragsverh\u00e4ltnisses schriftlich k\u00fcndigt.<\/p><p>Die Mindestlaufzeit bei Domains betr\u00e4gt immer ein Jahr. Hat der Inhaber nicht f\u00fcnf Wochen vor Ende des Leistungszeitraumes schriftlich gek\u00fcndigt, wird der Vertrag automatisch um ein weiteres Jahr verl\u00e4ngert.<\/p><p><br \/><strong>5. Leistungspflichten<\/strong><\/p><p><strong>5.1 Pflichten von in2info<\/strong><\/p><p>in2info gew\u00e4hrleistet eine Erreichbarkeit seiner Internet-Webserver von 99,9% im Jahresmittel. Hiervon ausgenommen sind Zeiten, in denen der Webserver aufgrund von technischen oder sonstigen Problemen, die nicht im Einflussbereich von in2info liegen (h\u00f6here Gewalt, Verschulden Dritter etc.) \u00fcber das Internet nicht zu erreichen ist.<\/p><p><strong>5.2 Pflichten des Vertragspartners<\/strong><\/p><p>Der Kunde darf durch die Internet-Pr\u00e4senz sowie dort eingeblendete Banner nicht gegen gesetzliche Verbote, die guten Sitten und Rechte Dritter (Marken, Namens-, Urheber-, Datenschutzrechte usw.) versto\u00dfen. Insbesondere verpflichtet sich der Kunde, keine pornographischen Inhalte anbieten zu lassen, die pornographische und\/oder erotische Inhalte zum Gegenstand haben. Der Kunde darf seine Internet-Pr\u00e4senz nicht in Suchmaschinen eintragen, soweit der Kunde durch die Verwendung von Schl\u00fcsselw\u00f6rtern bei der Eintragung gegen gesetzliche Verbote, die guten Sitten und Rechte Dritter verst\u00f6\u00dft. F\u00fcr jeden Fall der Zuwiderhandlung gegen vorstehende Verpflichtung verspricht der Kunde unter Ausschluss der Annahme eines Fortsetzungszusammenhangs die Zahlung einer Vertragsstrafe in H\u00f6he von 1 Monatsmiete.<\/p><p>in2info ist nicht verpflichtet, die Internet-Pr\u00e4senz des Kunden auf eventuelle Rechtsverst\u00f6\u00dfe zu pr\u00fcfen. Nach dem Erkennen von Rechtsverst\u00f6\u00dfen oder von Inhalten, welche gem\u00e4\u00df Ziffer 5.3 unzul\u00e4ssig sind, ist in2info berechtigt, die entsprechende Internet-Seite zu sperren. in2info wird den Kunden unverz\u00fcglich von einer solchen Ma\u00dfnahme unterrichten. Nach dem Erkennen von Rechtsverst\u00f6\u00dfen oder von Inhalten, ist in2info berechtigt, die entsprechende Internet-Seite zu sperren. in2info wird den Kunden unverz\u00fcglich von einer solchen Ma\u00dfnahme schriftlich unterrichten.<\/p><p><strong>5.3 Der Kunde verpflichtet sich<\/strong><\/p><p>die Dienste von in2info sachgerecht zu nutzen<br \/>die Zugriffsm\u00f6glichkeit auf in2info Dienste nicht mi\u00dfbr\u00e4uchlich zu nutzen und rechtswidrige Handlungen zu unterlassen, dazu geh\u00f6rt auch die vom Kunden zu treffende Vorsorge, dass durch Nutzung der von in2info bereitgestellten Dienste keine Verst\u00f6\u00dfe gegen Schutzgesetze zugunsten Dritter sowie straf- und ordnungsrechtliche Bestimmungen erfolgen<br \/>dass der Inhalt der Kunden-Homepages mit geltenden \u00f6sterreichischen und internationalen Rechtsvorschriften in Einklang steht<br \/>den Grunds\u00e4tzen der Datensicherheit Rechnung zu tragen, insbesondere Pa\u00dfw\u00f6rter und Zugangsdaten geheim zu halten<br \/>die Erf\u00fcllung gesetzlicher Vorschriften und beh\u00f6rdlicher Auflagen sicherzustellen sowie f\u00fcr die Erteilung beh\u00f6rdlicher Erlaubnisse Sorge zu tragen, soweit diese gegenw\u00e4rtig oder k\u00fcnftig f\u00fcr die Teilnahme an Diensten von in2info erforderlich sein sollten<br \/>in2info innerhalb eines Monates jede \u00c4nderung in der Person des Kunden, wie etwa Gesellschafts\u00e4nderung, Namens\u00e4nderung bzw. \u00c4nderung der Anschrift anzuzeigen<br \/>ohne ausdr\u00fcckliches Einverst\u00e4ndnis des jeweiligen Empf\u00e4ngers keine E-Mails, die Werbung enthalten, zu versenden. Dies gilt insbesondere dann, wenn die betreffenden E-Mails mit jeweils gleichem Inhalt massenhaft verbreitet werden (sog. &#8222;Spamming&#8220;)<\/p><p>die korrekte Funktionsweise aller seiner auf dem Server installierten Skripte (Perl, PHP, &#8230;)<br \/>Bei Verwendung von Programme, welche eine \u00fcberm\u00e4\u00dfige Belastung der System-Ressourcen (insbesondere CPU und RAM) verursachen, wird der Kunde per Email benachrichtigt. Der Kunde hat dann 24 Stunden Zeit diese Scripte zu entfernen, andernfalls wird zum Schutz anderer Hosting-Kunden der Account stillgelegt<\/p><p>die &#8222;Netiquette&#8220;, jener Verhaltensstandard, denen sich die Internet-Nutzer auf der ganzen Welt freiwillig verpflichten, einzuhalten. Verst\u00f6\u00dft der Kunde gegen die oben genannten Pflichten, ist in2info berechtigt, das Vertragsverh\u00e4ltnis ohne Einhaltung einer Frist zu k\u00fcndigen<\/p><p><strong>6. Domainregistrierung, Freistellung, Domainstreitigkeiten<\/strong><\/p><p><strong>6.1<\/strong><br \/>Soweit .com-, .net- oder .org-Domains Vertragsgegenstand sind, erfolgt die Registrierung bei in2info. Bei der Verschaffung und\/oder Pflege von Internet-Domains wird in2info im Verh\u00e4ltnis zwischen dem Kunden und dem DENIC oder einer anderen Organisation zur Domain-Vergabe lediglich als Vermittler t\u00e4tig. in2info hat auf die Domain-Vergabe keinen Einfluss. in2info \u00fcbernimmt deshalb keine Gew\u00e4hr daf\u00fcr, dass die f\u00fcr den Kunden beantragten Domains \u00fcberhaupt zugeteilt werden und\/oder zugeteilte Domains frei von Rechten Dritter sind oder auf Dauer Bestand haben.<\/p><p><strong>6.2<\/strong><br \/>Der Kunde garantiert, dass die von ihm beantragte Domain die Rechte Dritter nicht verletzt. Von Ersatzanspr\u00fcchen Dritter sowie allen Aufwendungen, die auf der unzul\u00e4ssigen Verwendung einer Internet-Domain durch den oder mit Billigung des Kunden beruhen, stellt der Kunde in2info, die Internet Corporation for Assigned Names and Numbers (ICANN), die Network Solutions Inc. (NSI) sowie sonstige f\u00fcr die Registrierung eingeschaltete Personen frei.<\/p><p><strong>7. Haftung, Schadenersatzanspr\u00fcche<\/strong><\/p><p>Wir betreiben unsere Dienste unter dem Gesichtspunkt h\u00f6chstm\u00f6glicher Sorgfalt, Zuverl\u00e4ssigkeit und Verf\u00fcgbarkeit.<\/p><p>Schadenersatzanspr\u00fcche k\u00f6nnen nur bei grober Fahrl\u00e4ssigkeit oder Vorsatz von Mitarbeitern von in2info geltend gemacht werden. Folgesch\u00e4den und entgangenen Gewinn im Falle eines Netzausfalles, St\u00f6rungen innerhalb des Internet oder sonstige Umst\u00e4nde, die au\u00dferhalb unseres Verantwortungsbereiches liegen wird generell jede Haftung unsererseits ausgeschlossen. Sollte in2info durch h\u00f6here Gewalt oder durch beh\u00f6rdliche Auflagen bzw. durch Gerichtsbeschlu\u00df gezwungen sein, seine Dienstleistungen teilweise oder ganz einzustellen, so ist f\u00fcr daraus entstehende Sch\u00e4den und Folgesch\u00e4den in2info von einer Haftung generell ausgeschlossen.<\/p><p><br \/><strong>8. Datenschutz<\/strong><\/p><p>Falls nicht ausdr\u00fccklich schriftlich etwas anderes vereinbart wurde, gelten die in2info unterbreiteten Informationen als nicht vertraulich. Der Kunde stimmt zu, da\u00df in2info seine Anschrift in maschinenlesbarer Form und f\u00fcr Aufgaben, die sich aus dem Vertrag ergeben, maschinell insbesondere EDV-m\u00e4\u00dfig verarbeitet.<br \/>Soweit nicht schriftlich vereinbart, k\u00f6nnen Informationen \u00fcber den Kunden Dritten zug\u00e4nglich gemacht werden. Dies gilt insbesondere f\u00fcr die \u00dcbermittlung von Daten, die f\u00fcr die Anmeldung einer Domain notwendig sind.<\/p><p><strong>9. Schlu\u00dfbestimmungen<\/strong><\/p><p>F\u00fcr den Fall der Unwirksamkeit oder Nichtigkeit einzelner Bestimmungen dieses Vertrages gilt eine zul\u00e4ssige Bestimmung als vereinbart, die der nichtigen oder unwirksamen Bestimmung wirtschaftlich am n\u00e4chsten kommt.<br \/>Vertr\u00e4ge und deren \u00c4nderungen haben schriftlich oder elektronisch zu erfolgen. Als Erf\u00fcllungsort und Gerichtsstand wird der Sitz von in2info vereinbart.<br \/>in2info &#8211; Inhaber Richard Schneidermayer, Franz Fischerstr. 52, 6020 Innsbruck<\/p><p>Innsbruck 27.02.2018<\/p>\t\t\t\t\t\t\t\t<\/div>\n\t\t\t\t<\/div>\n\t\t\t\t\t<\/div>\n\t\t<\/div>\n\t\t\t\t\t<\/div>\n\t\t<\/section>\n\t\t\t\t<\/div>\n\t\t","protected":false},"excerpt":{"rendered":"<p>Allgemeine Gesch\u00e4ftsbedingungen Folgende Allgemeine Gesch\u00e4ftsbedingungen sind Bestandteil aller Vertr\u00e4ge mit in2info &#8211; Richard Schneidermayer , Franz Fischerstr. 52, 6020 Innsbruck, \u00d6sterreich &#8211; nachfolgend in2info genannt. Abweichende Bedingungen unserer Vertragspartner bed\u00fcrfen der Schriftform und sind nur nach schriftlicher Anerkennung durch in2info g\u00fcltig. 1. Zustandekommen des Nutzungsvertrages Ein Vertrag \u00fcber die Nutzung der Dienste von in2info kommt [&hellip;]<\/p>\n","protected":false},"author":1,"featured_media":0,"parent":0,"menu_order":0,"comment_status":"closed","ping_status":"closed","template":"","meta":{"footnotes":""},"class_list":["post-2486","page","type-page","status-publish","hentry"],"yoast_head":"<!-- This site is optimized with the Yoast SEO plugin v27.5 - https:\/\/yoast.com\/product\/yoast-seo-wordpress\/ -->\n<title>AGB - in2info<\/title>\n<meta name=\"robots\" content=\"index, follow, max-snippet:-1, max-image-preview:large, max-video-preview:-1\" \/>\n<link rel=\"canonical\" href=\"https:\/\/in2.info\/in2info\/agb\/\" \/>\n<meta property=\"og:locale\" content=\"de_DE\" \/>\n<meta property=\"og:type\" content=\"article\" \/>\n<meta property=\"og:title\" content=\"AGB - in2info\" \/>\n<meta property=\"og:description\" content=\"Allgemeine Gesch\u00e4ftsbedingungen Folgende Allgemeine Gesch\u00e4ftsbedingungen sind Bestandteil aller Vertr\u00e4ge mit in2info &#8211; Richard Schneidermayer , Franz Fischerstr. 52, 6020 Innsbruck, \u00d6sterreich &#8211; nachfolgend in2info genannt. Abweichende Bedingungen unserer Vertragspartner bed\u00fcrfen der Schriftform und sind nur nach schriftlicher Anerkennung durch in2info g\u00fcltig. 1. Zustandekommen des Nutzungsvertrages Ein Vertrag \u00fcber die Nutzung der Dienste von in2info kommt [&hellip;]\" \/>\n<meta property=\"og:url\" content=\"https:\/\/in2.info\/in2info\/agb\/\" \/>\n<meta property=\"og:site_name\" content=\"in2info\" \/>\n<meta property=\"article:modified_time\" content=\"2018-02-27T07:12:43+00:00\" \/>\n<meta name=\"twitter:label1\" content=\"Gesch\u00e4tzte Lesezeit\" \/>\n\t<meta name=\"twitter:data1\" content=\"7\u00a0Minuten\" \/>\n<script type=\"application\/ld+json\" class=\"yoast-schema-graph\">{\"@context\":\"https:\\\/\\\/schema.org\",\"@graph\":[{\"@type\":\"WebPage\",\"@id\":\"https:\\\/\\\/in2.info\\\/in2info\\\/agb\\\/\",\"url\":\"https:\\\/\\\/in2.info\\\/in2info\\\/agb\\\/\",\"name\":\"AGB - in2info\",\"isPartOf\":{\"@id\":\"https:\\\/\\\/in2.info\\\/in2info\\\/#website\"},\"datePublished\":\"2018-02-27T07:04:14+00:00\",\"dateModified\":\"2018-02-27T07:12:43+00:00\",\"breadcrumb\":{\"@id\":\"https:\\\/\\\/in2.info\\\/in2info\\\/agb\\\/#breadcrumb\"},\"inLanguage\":\"de\",\"potentialAction\":[{\"@type\":\"ReadAction\",\"target\":[\"https:\\\/\\\/in2.info\\\/in2info\\\/agb\\\/\"]}]},{\"@type\":\"BreadcrumbList\",\"@id\":\"https:\\\/\\\/in2.info\\\/in2info\\\/agb\\\/#breadcrumb\",\"itemListElement\":[{\"@type\":\"ListItem\",\"position\":1,\"name\":\"Startseite\",\"item\":\"https:\\\/\\\/in2.info\\\/in2info\\\/\"},{\"@type\":\"ListItem\",\"position\":2,\"name\":\"AGB\"}]},{\"@type\":\"WebSite\",\"@id\":\"https:\\\/\\\/in2.info\\\/in2info\\\/#website\",\"url\":\"https:\\\/\\\/in2.info\\\/in2info\\\/\",\"name\":\"in2info\",\"description\":\"WEBDESIGN, HOSTING und SUPPORT vom Fachmann\",\"publisher\":{\"@id\":\"https:\\\/\\\/in2.info\\\/in2info\\\/#organization\"},\"potentialAction\":[{\"@type\":\"SearchAction\",\"target\":{\"@type\":\"EntryPoint\",\"urlTemplate\":\"https:\\\/\\\/in2.info\\\/in2info\\\/?s={search_term_string}\"},\"query-input\":{\"@type\":\"PropertyValueSpecification\",\"valueRequired\":true,\"valueName\":\"search_term_string\"}}],\"inLanguage\":\"de\"},{\"@type\":\"Organization\",\"@id\":\"https:\\\/\\\/in2.info\\\/in2info\\\/#organization\",\"name\":\"in2info\",\"url\":\"https:\\\/\\\/in2.info\\\/in2info\\\/\",\"logo\":{\"@type\":\"ImageObject\",\"inLanguage\":\"de\",\"@id\":\"https:\\\/\\\/in2.info\\\/in2info\\\/#\\\/schema\\\/logo\\\/image\\\/\",\"url\":\"https:\\\/\\\/in2.info\\\/in2info\\\/wp-content\\\/uploads\\\/2015\\\/10\\\/logo_new38b.png\",\"contentUrl\":\"https:\\\/\\\/in2.info\\\/in2info\\\/wp-content\\\/uploads\\\/2015\\\/10\\\/logo_new38b.png\",\"width\":510,\"height\":169,\"caption\":\"in2info\"},\"image\":{\"@id\":\"https:\\\/\\\/in2.info\\\/in2info\\\/#\\\/schema\\\/logo\\\/image\\\/\"}}]}<\/script>\n<!-- \/ Yoast SEO plugin. -->","yoast_head_json":{"title":"AGB - in2info","robots":{"index":"index","follow":"follow","max-snippet":"max-snippet:-1","max-image-preview":"max-image-preview:large","max-video-preview":"max-video-preview:-1"},"canonical":"https:\/\/in2.info\/in2info\/agb\/","og_locale":"de_DE","og_type":"article","og_title":"AGB - in2info","og_description":"Allgemeine Gesch\u00e4ftsbedingungen Folgende Allgemeine Gesch\u00e4ftsbedingungen sind Bestandteil aller Vertr\u00e4ge mit in2info &#8211; Richard Schneidermayer , Franz Fischerstr. 52, 6020 Innsbruck, \u00d6sterreich &#8211; nachfolgend in2info genannt. Abweichende Bedingungen unserer Vertragspartner bed\u00fcrfen der Schriftform und sind nur nach schriftlicher Anerkennung durch in2info g\u00fcltig. 1. Zustandekommen des Nutzungsvertrages Ein Vertrag \u00fcber die Nutzung der Dienste von in2info kommt [&hellip;]","og_url":"https:\/\/in2.info\/in2info\/agb\/","og_site_name":"in2info","article_modified_time":"2018-02-27T07:12:43+00:00","twitter_misc":{"Gesch\u00e4tzte Lesezeit":"7\u00a0Minuten"},"schema":{"@context":"https:\/\/schema.org","@graph":[{"@type":"WebPage","@id":"https:\/\/in2.info\/in2info\/agb\/","url":"https:\/\/in2.info\/in2info\/agb\/","name":"AGB - in2info","isPartOf":{"@id":"https:\/\/in2.info\/in2info\/#website"},"datePublished":"2018-02-27T07:04:14+00:00","dateModified":"2018-02-27T07:12:43+00:00","breadcrumb":{"@id":"https:\/\/in2.info\/in2info\/agb\/#breadcrumb"},"inLanguage":"de","potentialAction":[{"@type":"ReadAction","target":["https:\/\/in2.info\/in2info\/agb\/"]}]},{"@type":"BreadcrumbList","@id":"https:\/\/in2.info\/in2info\/agb\/#breadcrumb","itemListElement":[{"@type":"ListItem","position":1,"name":"Startseite","item":"https:\/\/in2.info\/in2info\/"},{"@type":"ListItem","position":2,"name":"AGB"}]},{"@type":"WebSite","@id":"https:\/\/in2.info\/in2info\/#website","url":"https:\/\/in2.info\/in2info\/","name":"in2info","description":"WEBDESIGN, HOSTING und SUPPORT vom Fachmann","publisher":{"@id":"https:\/\/in2.info\/in2info\/#organization"},"potentialAction":[{"@type":"SearchAction","target":{"@type":"EntryPoint","urlTemplate":"https:\/\/in2.info\/in2info\/?s={search_term_string}"},"query-input":{"@type":"PropertyValueSpecification","valueRequired":true,"valueName":"search_term_string"}}],"inLanguage":"de"},{"@type":"Organization","@id":"https:\/\/in2.info\/in2info\/#organization","name":"in2info","url":"https:\/\/in2.info\/in2info\/","logo":{"@type":"ImageObject","inLanguage":"de","@id":"https:\/\/in2.info\/in2info\/#\/schema\/logo\/image\/","url":"https:\/\/in2.info\/in2info\/wp-content\/uploads\/2015\/10\/logo_new38b.png","contentUrl":"https:\/\/in2.info\/in2info\/wp-content\/uploads\/2015\/10\/logo_new38b.png","width":510,"height":169,"caption":"in2info"},"image":{"@id":"https:\/\/in2.info\/in2info\/#\/schema\/logo\/image\/"}}]}},"_links":{"self":[{"href":"https:\/\/in2.info\/in2info\/wp-json\/wp\/v2\/pages\/2486","targetHints":{"allow":["GET"]}}],"collection":[{"href":"https:\/\/in2.info\/in2info\/wp-json\/wp\/v2\/pages"}],"about":[{"href":"https:\/\/in2.info\/in2info\/wp-json\/wp\/v2\/types\/page"}],"author":[{"embeddable":true,"href":"https:\/\/in2.info\/in2info\/wp-json\/wp\/v2\/users\/1"}],"replies":[{"embeddable":true,"href":"https:\/\/in2.info\/in2info\/wp-json\/wp\/v2\/comments?post=2486"}],"version-history":[{"count":0,"href":"https:\/\/in2.info\/in2info\/wp-json\/wp\/v2\/pages\/2486\/revisions"}],"wp:attachment":[{"href":"https:\/\/in2.info\/in2info\/wp-json\/wp\/v2\/media?parent=2486"}],"curies":[{"name":"wp","href":"https:\/\/api.w.org\/{rel}","templated":true}]}}